17
Let q = -16 + 60. Suppose -5*v + 66 = -q. What is the remainder when 64 is divided by v?
20
Let l be (3/(-6))/(2/(-12)). Suppose -6*m = -l*m - 3. Calculate the remainder when 1 is divided by m.
0
Let j(y) = -y**3 - 5*y**2 + 2. Let a be j(-5). Let d = -5 - -8. Suppose -d - 17 = -a*r. What is the remainder when 29 is divided by r?
9
Let g(d) = -20*d + 2. Let z be g(1). What is the remainder when 16 is divided by 2/3 - 150/z?
7
Let n(y) = -y + 1. Let k be n(3). What is the remainder when (-34)/3*-3 + k is divided by 17?
15
Suppose 0 = -n + 5*i + 40, i + 35 = 2*n - 0*n. Let l = 2 + n. Calculate the remainder when l is divided by 9.
8
Suppose 2*p - 35 = -3*x, 2*x + p - 50 = 5*p. What is the remainder when 178 is divided by x?
13
Suppose -5*u - 5*b + 15 = 0, -2*b = 4*u - 3*b - 7. Suppose 8*r - 2 = 54. Calculate the remainder when r is divided by u.
1
Suppose 2*c + 300 = 2*y + 2*y, -3*c = 2*y - 166. Let p = 109 - y. What is the remainder when p is divided by 11?
10
Let l = -39 + 59. Calculate the remainder when 57 is divided by l.
17
Let j be 2/(-7) + 158/14. Let w = j - 4. Let z = -9 + 22. Calculate the remainder when z is divided by w.
6
Suppose 0 = -2*u + 7*u - 15. Suppose c - 2*c = -u. What is the remainder when c is divided by 2?
1
Suppose -228 = -0*l + l. Let w = -117 - l. Calculate the remainder when w is divided by 28.
27
Let y(t) = -t**2 - 12*t + 2. Let n be y(-9). Let q = n + -7. Suppose 0 = -4*l - i + 47, 0 = -3*l - 2*i + 32 + 2. Calculate the remainder when q is divided by l.
10
Suppose -5*b + 0*b = -10. Suppose 2*p - 5*f - 14 = 5, p - b*f = 9. Calculate the remainder when 13 is divided by p.
6
Let t(j) = -j - 7. What is the remainder when 141 is divided by t(-25)?
15
Let z be (-4)/(-6) + 150/18. Suppose b - 3*x = 5 + z, 2*x = -4*b + 28. Calculate the remainder when b is divided by 3.
2
Let r(j) = -22*j**3 + 5*j**2 + 2*j. Calculate the remainder when 247 is divided by r(-1).
22
Let l(o) = -81*o + 1. Calculate the remainder when l(-1) is divided by 21.
19
Let m(a) = -a**2 + 9*a + 3. Calculate the remainder when m(8) is divided by 3.
2
Suppose 10 = -p + 3*p. Suppose -3*u + m = u - 43, -4*u + 55 = -p*m. What is the remainder when 39 is divided by u?
9
Let d(s) = -1 - s - 2*s**3 + s**2 - 4*s**2 - 2 - 4*s. What is the remainder when d(-3) is divided by 14?
11
Let b = 58 - -42. What is the remainder when b is divided by 17?
15
Let s = 11 - -20. Let w = s + -6. What is the remainder when w is divided by 14?
11
Suppose -3 = -2*r - 0*m - m, 0 = 4*r + 3*m - 11. Suppose 0 = 5*i - 25 - 45. Calculate the remainder when 0 - 1 - 28/r is divided by i.
13
Let q = 12 - 8. Suppose -16 = 4*m, 2*m = 3*j + q - 21. Calculate the remainder when j is divided by 2.
1
Let a(k) = k**3 + 5*k**2 + 3*k + 1. Suppose -2*z + 28 = -4*m, 4*z = 4*m + 31 + 5. Let v = m + 2. Calculate the remainder when 18 is divided by a(v).
8
Let r be (-45)/10*(-2)/3. Suppose 0 = -2*x - 2*y + 66, -4*y = -r*x + 2*x + 43. Calculate the remainder when x is divided by 12.
11
Let g(p) be the first derivative of -1 - 1/4*p**4 - 5*p**2 + 4*p**3 + 0*p. Calculate the remainder when 21 is divided by g(11).
10
Suppose s - 41 = 47. What is the remainder when s is divided by 20?
8
Suppose 2*a + t - 12 = 0, -1 = 2*a - 4*t - 3. Calculate the remainder when 7 is divided by a.
2
Let u = -4 + 6. Suppose -m = u*m. Suppose m*s - 195 = -5*s. Calculate the remainder when s is divided by 14.
11
What is the remainder when 389 is divided by 23/(-3)*(-15 + 12)?
21
Suppose -g = 2*j - 3*j + 3, -2*g = -j + 5. Let q = -6 - -8. What is the remainder when 50 is divided by ((-6)/q - -16)/j?
11
Suppose 0*b + 3*b - 4*n = 13, -n = -2*b + 7. Suppose -4*q + 17 = -b*q. Calculate the remainder when q is divided by 5.
2
Suppose 117 = -5*m - 13. Suppose -46 = -3*h + 50. What is the remainder when h is divided by (m/(-8) + -3)*44?
10
Let m(o) = 2*o**2 - 9*o - 6. What is the remainder when 83 is divided by m(7)?
25
Let j(h) = h**3 - 10*h**2 - 17*h + 23. What is the remainder when j(12) is divided by 37?
33
Suppose 0 = 2*h - 4*f + 2, 2*h + 2*f = 3*f - 17. Let k = 0 - h. Calculate the remainder when 21 is divided by k.
10
Let r(t) = 24*t**2 - 2*t - 1. Calculate the remainder when r(-2) is divided by 25.
24
Let v(t) = 4*t - 4. Let r be v(6). Suppose 2*y + 3*m - 4 = m, -2*m = -2*y + r. Suppose -h + 6 + y = 0. Calculate the remainder when h is divided by 7.
5
Let d be -1*1*(-14 - 7). Calculate the remainder when (-123)/(-4) + d/(-28) is divided by (-2 - 38)*4/(-10).
14
Suppose -4*b + r + 2*r = -192, 86 = 2*b + r. Suppose -b = -11*g + 6*g. What is the remainder when (-3 - 1)*-2*2 is divided by g?
7
Suppose -20 = -a - a. Suppose d + z - a = 0, -30 = -d - d + 3*z. Calculate the remainder when 22 is divided by d.
10
Let u(o) = o - 2. Let c be u(5). Suppose 7*m - 136 = c*m. What is the remainder when m is divided by 18?
16
Suppose -4*m + 9*m - 43 = -2*h, m - 4*h = 13. What is the remainder when 6/60*169 + (-1)/(-10) is divided by m?
8
Suppose 0 = -5*z - 2*o - 12, -4 = 4*z - o - 3*o. Let v = 0 - z. Let s = 34 - v. Calculate the remainder when s is divided by 11.
10
Suppose 0*h - 11 = -h. Let y = h - 7. Calculate the remainder when y is divided by 2.
0
Let d(z) = -z - 3. Let f be (1/3)/((-1)/(-9)). Suppose f = -0*t + 3*t. What is the remainder when d(-4) is divided by t?
0
Let a = -5 - -2. Let z(q) = -6*q + 6. Let o(s) = -6*s + 7. Let h(t) = -4*o(t) + 5*z(t). Calculate the remainder when 38 is divided by h(a).
18
Let p be (4 + 4/(-3))*-3. Let r(k) be the first derivative of -3*k**2/2 - 9*k + 2. Calculate the remainder when r(p) is divided by 8.
7
Suppose 0 = 4*z - l - 27 + 101, 3*z + 60 = 3*l. Let k = 47 + z. What is the remainder when k is divided by 8?
5
Let u be (-7)/6*2*-3. Suppose -u*v + 2*v + 30 = 0. Let p(f) = -f**3 + 7*f**2 - 5*f - 2. Calculate the remainder when 7 is divided by p(v).
3
Let o(j) = j**3 - j**2 + 4. Calculate the remainder when 15 is divided by o(0).
3
Let o be (-9)/(-7) - (-2)/(-7). Let l(r) = -6*r**2. Let c be l(o). Let y(z) = 2*z**2 + 10*z + 7. Calculate the remainder when 37 is divided by y(c).
18
Let d = -16 - -10. Calculate the remainder when (100/(-6))/(2/(-6)) is divided by (d/(-3) - 0) + 15.
16
Suppose 5 = -2*w - 3*w. Calculate the remainder when (23 + 3)/(1 - w) is divided by 7.
6
Let q(g) = g**3 + 8*g**2 + 5. Let o be q(-9). Let b = -29 - -143. Let u = b + o. Calculate the remainder when u is divided by 20.
18
Let z(w) = -11*w**3 - w - 1. Calculate the remainder when 42 is divided by z(-1).
9
Suppose 0 = 97*u - 91*u - 312. Calculate the remainder when u is divided by 13.
0
Let y = 0 + 2. What is the remainder when 11 is divided by 11/2 - (-3)/y?
4
Suppose 4*u - 360 = -16*u. What is the remainder when 69 is divided by u?
15
Suppose 5*t = 25, 0 = -3*j + 2*t - 9 - 13. What is the remainder when (-2*(-26)/j)/(-1) is divided by 5/(2 - (3 - 2))?
3
Let f = -10 - -27. What is the remainder when 152 is divided by f?
16
Let r = 153 - 89. Let u = r - 45. Calculate the remainder when u is divided by 7.
5
Suppose 7*t = 5*t + 14. Let s = t + 9. Calculate the remainder when s is divided by 9.
7
Suppose -y = -a - 3, -2*y = -3*a - 7 + 5. Calculate the remainder when 9 is divided by y.
2
Let n be -4 - 3/(3/(-1)). Let s = n + 5. Suppose 105 = 5*m + r, -7 = -s*m - 5*r + 12. Calculate the remainder when m is divided by 6.
4
Let b = -111 + 137. Calculate the remainder when 102 is divided by b.
24
Suppose 0*j + 4*j - 48 = 0. Suppose 3*l = l + j. What is the remainder when 22 is divided by l?
4
Suppose 0 = 4*v - 7 + 3. Let z = v + 0. Calculate the remainder when 12 is divided by z/((-2)/(-42)*3).
5
Suppose 4*a + 5*t - 4*t = 11, a - 3*t = -7. Suppose a*r + 3*r - 65 = 0. What is the remainder when 37 is divided by r?
11
Suppose s - 3*s = -4*m - 70, -2 = -m. Let o = -25 - -35. What is the remainder when s is divided by o?
9
Suppose 93 = 4*y - 3*r, -5*r + 2 = -3. Calculate the remainder when 117 is divided by y.
21
Let t(g) = g**3 + 3*g**2 - 4*g - 3. Let m be t(-3). Let r(a) = -a**3 + 9*a**2 + 3*a - 12. Calculate the remainder when r(m) is divided by 4.
3
Suppose 0 = -2*u - c + 38, u - c + 3*c - 16 = 0. Suppose u = -x + 2*x. What is the remainder when 77 is divided by x?
17
Suppose -3*n + 5*n = 2, x - 17 = -4*n. Suppose -5*z + 5*y +